 + 3*u. Is k a composite number?
False
Suppose 92 = 2*d - 0. Let v = 100 - 79. Let u = d - v. Is u a composite number?
True
Let p = 24 - -239. Let y = p - 179. Let j = y + -49. Is j composite?
True
Suppose 3*m = -o + 224, 0*o - 2*o - 2*m + 468 = 0. Let r = o + -108. Is r prime?
True
Let k = 1465 + -408. Is k prime?
False
Let c = 1055 - 638. Is c a composite number?
True
Suppose -t + 24 = 4*w, -t - t + 3*w = 7. Suppose 84 = t*n - 0. Is n a prime number?
False
Suppose -5*z + 0*z - 75 = 0. Let m = z - -22. Is m prime?
True
Let p(s) be the third derivative of s**6/60 - s**5/6 + s**4/24 + s**3 + s**2. Is p(7) composite?
True
Suppose 0 = 5*z + 4*f - 287, 0 = -0*z - 2*z + 2*f + 122. Let i = 5 + 12. Suppose z = 4*o - i. Is o a prime number?
True
Let a(i) = -21*i - 1. Let r be 11/(-3) + 4/(-12). Is a(r) composite?
False
Let n be 3315/9 - 1/3. Suppose -4*s + n = -700. Suppose -s = -4*t + 241. Is t prime?
True
Suppose -63 = -3*t - 2*f, -8*t + 3*t = 3*f - 105. Suppose 18 = -3*w + 3*c, 0 = -3*w - 2*c + 14 - 7. Let h = t - w. Is h prime?
False
Is 75747/(-14)*(-4)/6*1 prime?
True
Suppose 0 = -2*h + q + 92, -h - q = 4*h - 244. Suppose -5*a = -4*z - 168, 4*a = 4*z + 120 + h. Is (0 + -2)*z/4 a composite number?
True
Suppose 3*y - 2*f - 2448 = f, -2*y - 4*f + 1626 = 0. Is y a prime number?
False
Let f(h) = 130*h - 3. Is f(2) composite?
False
Let i(h) = h**3 + 12*h**2 + 13*h + 5. Is i(-9) prime?
True
Let a(l) = 37*l**2 + 3*l. Is a(-2) a prime number?
False
Suppose 0 = -v - 2*b + 3, -3*b + 0 = -v + 3. Suppose 4*g - 89 = 5*o - 32, -g = o - v. Let n = 21 - g. Is n a composite number?
False
Suppose -168 = -6*i + 3*i. Suppose -2*k + i = 2*k. Is k a prime number?
False
Let q(l) be the first derivative of 4*l + 1/2*l**2 + 2. Is q(6) prime?
False
Suppose -3*y - 1039 = -5*f + f, -2 = 2*y. Is f prime?
False
Let y = -1 - -2. Let o be 7*y*1*-17. Let a = 186 + o. Is a a prime number?
True
Let h = 6 - 4. Suppose r = -2 - h. Is ((-2)/3)/(r/210) a composite number?
True
Let a = -15 - -11. Is ((-1)/(-1))/(a/(-380)) a prime number?
False
Let v = 1489 - -460. Is v composite?
False
Suppose 0 = 3*j + 93 - 159. Is j a composite number?
True
Let z be (3/2)/((-12)/(-128)). Let j = z + -3. Is j composite?
False
Let h(t) = 71*t**2 - 4*t + 3. Let r be h(2). Suppose 5*a - 118 = 6*a. Let y = r + a. Is y a composite number?
True
Suppose 5*h = 6*z - 2*z + 769, 3*z = h - 145. Is h composite?
False
Let i(h) be the first derivative of h**2/2 - 13*h + 2. Let o be i(7). Is ((-32)/(-20))/(o/(-15)) composite?
True
Is 31/2*(126 + 8) a prime number?
False
Let p be 13241/7 - (-18)/42. Suppose -4*q + 3*y + p = q, -4*q - 2*y = -1518. Is q prime?
True
Let m be 1 + -1 + 2 + 1. Let q be 2 - m*(-1 - 22). Suppose -q + 18 = -d. Is d a prime number?
True
Suppose 2*u + 4*s = 78, -u + s = -27 - 9. Is u prime?
True
Let w be (-2)/4 + (-201)/6. Let k = w - -67. Is k a prime number?
False
Is 2/7 - 4995/(-35) a prime number?
False
Suppose -2*p - h + 4*h - 33 = 0, -4*h + 93 = -5*p. Let n be 5/15 + p/9. Is 19/n*(0 + -2) a composite number?
False
Suppose 4*l + 3*x - 28 + 8 = 0, -x = -l - 2. Let q = 1 + l. Suppose -q*g + 14 = -28. Is g prime?
False
Suppose p = b + 216, -2*p - 2*p + 884 = b. Let s = -155 + p. Is s prime?
False
Let b = 4572 - 2578. Is b a composite number?
True
Let s(h) = 56*h - 2. Let l be s(6). Suppose -l = -5*m + 91. Is m prime?
False
Let u(j) = -j**3 - 4*j**2 + 6*j - 3. Suppose -3*i = -4*b - 30, -5*b = -4*i + 2*i + 27. Suppose -r + i = -2*r. Is u(r) prime?
False
Suppose 0*l = -3*l - 2*u + 5, l + 5 = -4*u. Let o be (-16)/(-3) + (-1)/l. Suppose 0 = -2*i + 23 - o. Is i prime?
False
Suppose -4*i + 0*y - 80 = 3*y, 0 = -3*y. Let m(s) = -40*s**2 + s. Let n be m(1). Let g = i - n. Is g composite?
False
Suppose 0 = g - 2*g + 293. Is g composite?
False
Let c(k) = -3*k**3 + 3*k**2 - 6*k - 2. Is c(-4) a prime number?
False
Suppose 0 = -0*h - h - 2. Is ((-127)/h)/(1/2) composite?
False
Let x be -1 - 3/(-1 - 0). Suppose -2*d - d + 3*k + 108 = 0, -x*k + 166 = 5*d. Is (1*d)/(10/15) a composite number?
True
Let o = -4 - -24. Suppose -o = -4*c - 4*g, -c = 4*c + 4*g - 21. Is (98 + 1 + -2)*c a prime number?
True
Suppose -b - 3*b + 5*h + 2952 = 0, -5*b + 3*h = -3677. Is b a composite number?
False
Suppose -5250 + 22091 = 11*o. Is o a composite number?
False
Let l(f) = 5*f - f**2 + 3 + 13*f**2 - 3*f. Let d = -8 + 6. Is l(d) a prime number?
True
Suppose 145 = 4*p - 183. Is p a prime number?
False
Suppose w = 68 + 51. Is w a prime number?
False
Let i = 167 + -85. Suppose i = 5*d - 33. Is d composite?
False
Let u = 664 + -446. Suppose 2*i - i = -u. Let z = i - -307. Is z a composite number?
False
Suppose -3*l = l + 5*p - 476, -5*l + 4*p = -595. Is l prime?
False
Suppose -3*j + 95 = -154. Suppose -4*v + j = 3. Let c = 55 - v. Is c prime?
False
Suppose 2*p + 7*p = 3438. Is p a composite number?
True
Let f = -5 - -8. Is 1/3*f - -162 a composite number?
False
Let y = 511 - 92. Is y a prime number?
True
Let g(d) = d - 3. Let o be g(5). Suppose -o*t = 2*t - 16. Suppose 9*r - t*r = 455. Is r a composite number?
True
Suppose -4*w + 1131 + 3937 = 0. Is w a prime number?
False
Let m = 26 - 29. Let n = m + 40. Is n composite?
False
Suppose -33 = 2*p - 351. Is ((-4)/6)/((-2)/p) composite?
False
Suppose -3*q + 96 = 3*p, -2*p + 3*q - 158 = -7*p. Let h = p + 0. Is h composite?
False
Let u be (0 - 3)/((-12)/(-8)). Let h be (-1 - 0)*(u - 1). Suppose 4*m - 2*o = 204, m - h*o = 3*m - 86. Is m a composite number?
True
Let h(d) = 9*d**2 + 4*d + 3. Let c be -2*1/3*3. Is h(c) a prime number?
True
Suppose -5*j - 8 = -3*q, 0 = -5*q + j - 3*j + 3. Is (17 - q) + -7 + 6 a prime number?
False
Let v(t) = 33*t - 11. Suppose 0 = -6*o + o + 2*f + 44, -4*o = 2*f - 28. Is v(o) a composite number?
True
Let v(u) = 9*u - 1. Let a(c) = -4*c - 4. Let s be a(-3). Suppose 2*o - s = 6. Is v(o) a prime number?
False
Suppose -4*q + 2*q = -10. Suppose 2*w + 395 = 5*n, -99 = 5*n + q*w - 459. Is n prime?
False
Suppose z - 60 = -3*z. Suppose 3 - z = -2*p. Suppose 2*g = p*g - 140. Is g a composite number?
True
Let r(v) = 16*v**2 - 13*v - 4. Let i be r(-4). Suppose n + 1968 = 4*n. Suppose 5*c + f - n = i, -c + 186 = -f. Is c a prime number?
True
Suppose -2*i - 29 = -93. Let r = -11 + i. Is r a composite number?
True
Let p(q) = -2*q - 4. Let f be p(-3). Let c(d) = -5*d**2 + 15 + 0*d**3 + f*d**3 + 4*d**2 - 3*d**3 - d. Is c(0) a prime number?
False
Suppose 2*r + 24 = -24. Let l = r + 61. Is l a composite number?
False
Is 24*8/3 - -3 a composite number?
False
Suppose 192 = 5*f - 83. Is f prime?
False
Let i(u) = u**3 + 6*u**2 - u - 4. Let c be i(-6). Let a(d) = 0*d**c + 0*d**2 + d**2 + 5*d + 5. Is a(-7) a composite number?
False
Let k(n) = n**3 - 13*n**2 - 4*n + 7. Let p be k(10). Is ((-4)/6)/(6/p) a composite number?
False
Suppose 2*g - 5*n = 3*g - 19, 4 = 2*n. Suppose -2*w + 118 = -84. Suppose 5*h = w + g. Is h composite?
True
Let b(z) = z**3 + 7*z**2 - 13*z - 24. Is b(-7) a prime number?
True
Suppose -5*f = -0*f - 1645. Is f composite?
True
Suppose 3*d - 2 = 2*d, 3*d - 6 = -3*j. Suppose c + j*c = -3. Let q = c - -40. Is q prime?
True
Let l = -720 - -1099. Is l a prime number?
True
Suppose -2*y + 115 = -89. Suppose i + 16 = 3*s - 2, 5*i + y = 3*s. Let w = -14 - i. Is w prime?
True
Let d be 2 - (-3 + 1 - -16). Is (388/(-6))/(d/18) a prime number?
True
Let j(x) = x. Let t(r) = 17*r - 6. Let i(v) = -4*j(v) + t(v). Is i(5) a composite number?
False
Let k(n) = 5*n + 3 + 2*n**2 + 1 + 2. Is k(-5) a prime number?
True
Let u(x) = 2*x**3 - 5*x**2 + 15*x - 17. Is u(10) prime?
False
Let g(b) = -b**3 + 2*b**2 - 2*b - 3. Let o be g(-3). Suppose w = -0*w. Suppose 4*z + 4*k - o = w, -6*z + 5*k = -4*z - 45. Is z prime?
False
Let a(r) = 2*r**3 - 4*r**2 + 3*r - 1. Let b be a(2). Suppose -b*i + 8*i - 105 = 0. Is i composite?
True
Suppose 5*b = -31 + 136. Let m be (b/14)/(3/4). Suppose -m*w - 28 = -4*w. Is w composite?
True
Suppose -9*d + 332 = -5*d. Is d a prime number?
True
Suppose -2*g - g - 90 = 0. Let n = g + 86. Is n - 1*(2 - 3) a composite number?
True
Suppose 7*b = 1100 + 8105. Is b a composite number?
True
Suppose -4*a + 14 = -114. Let i = a + -18. Is i a composite number?
True
Let o(l) = -l - 1. Let c(r) = r**3 + r**2 - r - 4. Let d be c(0). Let g be o(d). Suppose -g*m = 2*m - j - 489, -